 2. Determine q(-8).
610
Let t(y) = -558*y - 9848. Calculate t(-18).
196
Let a(f) = f**2 - 50*f + 351. What is a(42)?
15
Let k(y) = 361*y - 646. Determine k(2).
76
Let v(t) = 43*t**3 - 14*t**2 - t - 2. Calculate v(1).
26
Let l(p) = -19*p**2 - 91*p + 14. Determine l(-5).
-6
Let n(x) = 8*x**2 - 19*x + 92. Give n(9).
569
Let h(t) = -t**3 - 48*t**2 + 53*t + 219. What is h(-49)?
23
Let j(m) = 2*m**2 + 171*m - 1493. Give j(8).
3
Let o(h) = h**2 - 60*h + 564. Calculate o(12).
-12
Let c(s) = s**3 - 99*s**2 + 1192*s - 148. What is c(85)?
22
Let p(i) = 2*i**2 - 14*i - 152. Determine p(-6).
4
Let a(t) = 2*t**3 + 26*t**2 + 70*t - 18. Calculate a(-3).
-48
Let d(j) = j**2 - 10*j - 76. What is d(-5)?
-1
Let t(k) = -3*k**2 - 6*k + 2. Determine t(-3).
-7
Let n(d) = 7*d**2 + 17*d + 18. Calculate n(-1).
8
Let d(m) = 521*m**3 + 7*m**2 - m. What is d(1)?
527
Let x(m) = 26*m**3 + 3*m**2 - 3*m - 7. Calculate x(-2).
-197
Let y(n) = 14*n**2 - 279*n - 13. Calculate y(20).
7
Let d(t) = -26*t + 2555. Give d(98).
7
Let b(l) = l**3 + 15*l**2 + 29*l + 2. Determine b(-2).
-4
Let m(x) = 3*x**2 - 78*x + 456. Calculate m(9).
-3
Let c(i) = -i**3 - 9*i**2 + 5*i + 6. Give c(-9).
-39
Let z(d) = 3*d - 25. What is z(1)?
-22
Let v(f) = f**3 + 5*f**2 - 65*f - 70. Calculate v(-10).
80
Let f(q) = 421*q + 2521. What is f(-6)?
-5
Let h(u) = -u**2 - 25*u - 70. Calculate h(-7).
56
Let f(m) = m**3 + 2*m**2 - 64*m + 24. Determine f(10).
584
Let r(q) = -q**3 - 5*q**2 - 4*q - 1. What is r(-3)?
-7
Let n(h) = -h**3 + 115*h**2 - 3173*h - 90. What is n(69)?
-21
Let f(v) = -2*v**2 - 210*v - 5034. Determine f(-37).
-2
Let y(v) = -544*v + 2722. Determine y(5).
2
Let n(z) = 18*z**2 - 143*z - 13. What is n(8)?
-5
Let o(r) = 351*r - 12. Calculate o(-1).
-363
Let p(k) = k**2 - 12*k + 51. What is p(8)?
19
Let x(i) = 1808*i - 3613. What is x(2)?
3
Let n(f) = -675*f - 6052. Give n(-9).
23
Let d(m) = m**2 + 22*m - 1377. Determine d(-50).
23
Let d(o) = -2*o**3 - 27*o**2 + 7*o + 78. Calculate d(-8).
-682
Let u(c) = -22*c**2 - 262*c + 25. Give u(-12).
1
Let f(g) = 4*g**2 - 54*g - 131. What is f(16)?
29
Let p(a) = 26*a + 1432. What is p(-56)?
-24
Let d(m) = 2*m**2 + 5*m + 30. Calculate d(10).
280
Let w(q) = -19*q**2 - 852*q + 134. Give w(-45).
-1
Let p(y) = 1363*y + 6799. Determine p(-5).
-16
Let d(o) = 448*o - 1783. Give d(4).
9
Let n(t) = -t**2 + 38*t + 298. Determine n(47).
-125
Let x(q) = q**2 - 76*q + 571. Calculate x(67).
-32
Let g(s) = 6*s**2 + 3987*s + 3985. What is g(-1)?
4
Let z(u) = 2*u**3 - 88*u**2 - 12*u + 521. Determine z(44).
-7
Let c(d) = -d**3 - 9*d**2 + 34*d + 60. What is c(-12)?
84
Let z(x) = -4*x + 12. What is z(-4)?
28
Let l(u) = u**2 - 46*u + 11. What is l(30)?
-469
Let j(z) = z**2 + 185*z - 1736. Calculate j(9).
10
Let u(i) = i**3 + 15*i**2 + 10*i + 159. Give u(-15).
9
Let f(t) = -59*t**3 + 466*t**2 + 48*t + 3. Give f(8).
3
Let a(b) = -10*b**3 - 16*b**2 + 59*b - 9. Determine a(3).
-246
Let n(y) = -1718*y + 44665. What is n(26)?
-3
Let y(a) = 2*a**3 - 30*a**2 - 62*a - 11. Give y(-3).
-149
Let r(n) = -n**2 + 22*n - 117. What is r(16)?
-21
Let k(f) = 6*f**2 - 58*f - 119. Give k(17).
629
Let b(u) = 35*u**2 + 119*u - 4. Give b(-3).
-46
Let z(f) = -f**3 - 47*f**2 - 48*f - 78. Give z(-46).
14
Let r(k) = 6*k**2 - 87*k - 34. Give r(16).
110
Let d(s) = 171*s + 10746. Give d(-63).
-27
Let i(t) = t**2 - 103*t + 1085. Calculate i(12).
-7
Let o(m) = m**3 - 19*m**2 - 67*m - 87. Give o(22).
-109
Let o(w) = 7*w**2 + 8*w + 10. What is o(-1)?
9
Let h(u) = -136*u + 18. Give h(0).
18
Let m(c) = c**3 + 26*c**2 + 73*c + 88. What is m(-23)?
-4
Let a(f) = -f**3 + 285*f**2 - 4808*f + 558. Calculate a(267).
24
Let d(l) = -l**3 + 16*l**2 - 17*l - 78. What is d(15)?
-108
Let n(u) = 51*u + 42. What is n(-1)?
-9
Let d(b) = -27*b - 59. Give d(-4).
49
Let o(j) = 13*j - 470. Determine o(35).
-15
Let k(g) = -4*g**2 + 96*g - 1. Give k(25).
-101
Let f(n) = 599*n - 2994. Give f(5).
1
Let x(c) = 4*c**3 - 61*c**2 + 11*c - 48. Calculate x(14).
-874
Let y(u) = -5*u**3 - 37*u**2 + 10*u - 8. Determine y(-8).
104
Let c(a) = 2*a**2 + 231*a - 3153. Calculate c(-128).
47
Let k(t) = t**3 + t**2 - 142*t + 8. What is k(11)?
-102
Let u(s) = -2*s**2 + 7. Determine u(7).
-91
Let t(x) = -3*x + 136. Calculate t(42).
10
Let a(s) = -s**2 + 60*s + 22203. What is a(182)?
-1
Let a(r) = -44*r + 3820. Determine a(89).
-96
Let m(s) = -s**3 - 13*s**2 - 10*s - 6. Determine m(-7).
-230
Let r(y) = 44*y - 1632. Determine r(34).
-136
Let f(o) = -4*o**2 + 81*o + 246. Calculate f(-3).
-33
Let i(b) = -b**2 - 1549*b - 15426. Give i(-10).
-36
Let l(c) = -3*c**3 + 54*c**2 - 79*c + 476. What is l(17)?
0
Let h(d) = -d**3 - 34*d**2 + 112*d + 17. What is h(-37)?
-20
Let y(g) = -37*g - 746. What is y(-19)?
-43
Let l(o) = -1935*o - 1932. What is l(-1)?
3
Let h(x) = -x**2 - 735*x + 10. Give h(0).
10
Let w(v) = 2*v**3 + 119*v**2 + 47*v - 716. Calculate w(-59).
-8
Let g(n) = 12*n + 37. Calculate g(10).
157
Let z(p) = 16*p + 483. Give z(-30).
3
Let x(n) = -631*n + 2509. Calculate x(4).
-15
Let x(z) = 46*z - 189. Determine x(6).
87
Let w(z) = 4*z**2 - 43*z - 62. Determine w(12).
-2
Let f(g) = 50*g**2 - 804*g + 95. What is f(16)?
31
Let a(i) = 3*i**3 + 58*i**2 + 122*i + 40. What is a(-17)?
-11
Let m(u) = 650*u - 50639. Give m(78).
61
Let d(o) = -289*o + 10662. What is d(37)?
-31
Let s(n) = -120*n - 2374. Calculate s(-20).
26
Let u(b) = -144*b + 215. Give u(2).
-73
Let g(v) = -v**3 - 63*v**2 + 115*v - 996. Calculate g(-65).
-21
Let k(v) = -351*v - 4111. Calculate k(-11).
-250
Let m(i) = -121*i + 4496. Calculate m(37).
19
Let d(p) = p**3 - 22*p**2 + 115*p - 33. Give d(9).
-51
Let w(a) = -a**2 + 4*a + 19. Calculate w(0).
19
Let h(l) = 24*l + 166. Calculate h(-4).
70
Let l(p) = -82*p + 11818. What is l(144)?
10
Let q(t) = -t**3 - 30*t**2 + 103*t + 46. Determine q(-33).
-86
Let x(s) = -2*s**3 + 3*s + 10. Determine x(-3).
55
Let j(v) = v**3 - 16*v**2 - 7*v + 28. What is j(16)?
-84
Let s(w) = 150*w - 1727. Determine s(12).
73
Let v(g) = 4*g**3 + 56*g**2 + g + 3. Give v(-14).
-11
Let y(s) = -7725*s - 61808. Calculate y(-8).
-8
Let c(o) = 333*o - 1005. Calculate c(3).
-6
Let f(o) = -8*o**2 - 14*o - 18. Give f(-2).
-22
Let s(c) = c**3 + 16*c**2 + 44*c - 61. Determine s(-12).
-13
Let s(u) = 10*u**2 + 83*u - 71. Give s(-9).
-8
Let q(y) = y**2 + 95*y + 754. Determine q(-9).
-20
Let b(i) = -2*i**3 - 155*i**2 - 74*i + 234. What is b(-77)?
3
Let g(h) = -15*h**2 + 117*h + 30. Determine g(8).
6
Let r(z) = z**3 + 131*z**2 + 131*z + 168. Give r(-130).
38
Let n(o) = o**3 - 50*o**2 - 462*o - 54. Calculate n(58).
62
Let g(d) = -d**3 - 2*d**2 + 23*d - 29. What is g(-6)?
-23
Let f(d) = d**3 + 46*d**2 + 42*d - 997. Give f(-44).
1027
Let d(s) = -3609*s + 10839. Calculate d(3).
12
Let n(s) = s**3 + 7*s**2 + 19*s + 12. What is n(-5)?
-33
Let a(u) = 2*u**3 - 42*u**2 + 36*u + 81. Calculate a(20).
1
Let u(g) = -324*g - 6176. Determine u(-19).
-20
Let d(k) = -2*k**3 + 37*k**2 - 19*k + 41. What is d(18)?
23
Let b(i) = -i**3 + 19*i**2 + 34*i + 3. Determine b(21).
-165
Let z(j) = -j**2 - 32*j - 178. Determine z(-18).
74
Let a(m) = -m**3 + 14*m**2 - 14*m + 727. Determine a(16).
-9
Let p(g) = -g**3 - 25*g**2 - 109*g - 30. Calculate p(-19).
-125
Let z(f) = -2*f**3 + 147*f**2 - 46*f - 1993. Give z(73).
-22
Let w(g) = g**2 + 29*g - 2561. Calculate w(-67).
-15
Let z(m) = m**3 - 37*m**2 + 20*m + 498. Give z(36).
-78
Let j(f) = 27*f - 404. Determine j(0).
-404
Let c(l) = -5*l**3 + 23*l**2 + 6*l + 16. What is c(5)?
-4
Let x(o) = -3*o - 52. What is x(-34)?
50
Let v(t) = t**2 + 11761*t + 293411. What is v(-25)?
11
Let t(l) = -182*l**2 + 34*l - 3. Calculate t(1).
-151
Let p(a) = -a**3 + 16*a**2 - 20*a - 27. Determine p(14).
85
Let t(a) = -4*a**3 - 40*a**2 + 97*a + 8. What is t(-12)?
-4
Let d(h) = 4*h + 62. What is d(-18)?
-10
Let i(a) = 2*a**3 + 92*a**2 + 172*a - 209. Determine i(-44).
-33
Let d(c) = 11*c**2 - 556*c + 297. Calculate d(50).
-3
Let n(y) = -12*y**2 - 33*y - 6. Calculate n(-6).
-240
Let f(n) = 14*n**2 + 203*n - 97. Calculate f(-13).
-370
Let f(b) = b**3 + 18*b**2 + 68*b - 26. What is f(-5)?
-41
Let i(a) = 5*a + 203. Determine i(-18).
113
Let a(x) = x**3 - 27*x - 14. Give a(-6).
-68
Let x(z) = -z**3 - 28*z**2 - 27*z - 27. Calculate x(-27).
-27
Let l(f) = -f**2 + 32*f + 3434. What is l(77)?
-31
Let v(n) = n**